n factor of 3 and x?
3
Let u(s) = -141*s - 76. Let k be u(-1). What is the greatest common factor of k and 13?
13
Let f(l) = -22*l + 16. Let m be f(-33). What is the highest common divisor of m and 28?
14
Suppose 2*b = 73 + 63. Suppose 2*n - 6*n + b = 0. What is the highest common divisor of n and 102?
17
Let w = -33 - -41. Let h be (0 + -1)*1/(-1). What is the greatest common divisor of h and w?
1
Let k be 1/11*-6 - (-28944)/792. Suppose g = v - 9, -v + 6*v + 5*g = -5. What is the greatest common divisor of k and v?
4
Let v = -12 - -15. Suppose v*i - 216 = -0. Let z be 2/(-11) - (-630)/77. Calculate the greatest common factor of i and z.
8
Let t be ((-1691568)/(-198))/8 + 1/11. Calculate the greatest common divisor of 24 and t.
12
Let c(x) = 14*x + 36. Let p be c(2). What is the greatest common factor of p and 88?
8
Suppose 0 = 19*d - 12*d - 4788. Calculate the highest common factor of 72 and d.
36
Suppose 5*r = 284 - 14. What is the highest common factor of r and 54?
54
Suppose 3*l = -4*w + 542, -1037 + 310 = -4*l - w. What is the greatest common factor of 70 and l?
14
Let d(p) = p**2 - 24*p - 73. Let y be d(27). What is the greatest common divisor of 28 and y?
4
Let d = -27 + 30. Suppose l = d*l + 12. Let r be 2/l + 120/36. Calculate the greatest common divisor of r and 3.
3
Suppose -118*n + 8901 = -49*n. What is the greatest common divisor of n and 817?
43
Suppose 0 = 3*c - 5*x + 124, 3*x - 122 = 2*c - 39. Let o = 71 + c. Let a be 7*(-1 + 52/o). Calculate the highest common divisor of 48 and a.
6
Suppose -2*d + 5*a + 78 = 0, 3*d + a - 141 = -2*d. Calculate the greatest common factor of 232 and d.
29
Suppose 6*f = 112 + 20. Let b = f - 42. Let t = b + 28. Calculate the highest common divisor of 8 and t.
8
Let b(r) = -r**3 - 15*r**2 - 17*r - 14. Let u be b(-14). Calculate the highest common factor of u and 140.
28
Suppose 0 = -1130*s + 1110*s + 3600. What is the highest common divisor of 570 and s?
30
Suppose 5*t - 2*t - 15 = 0. Suppose 4*o = t*h + 39, 5*o - 85 = 4*h - 5*h. Calculate the highest common divisor of o and 8.
8
Suppose s + 7*s - 376 = 0. Let i = 91 - s. Calculate the highest common divisor of 4 and i.
4
Let u(o) = 10*o**2 - 3*o. Suppose -4*x + 2*x = -6. Let b be u(x). Suppose 2 = 3*r + 5*k - b, 117 = 5*r + 3*k. Calculate the highest common divisor of r and 3.
3
Suppose u - 2*w - 15 - 5 = 0, -25 = -5*w. Let n be (26/4)/(1/2). Suppose 10*c = n*c - 225. Calculate the highest common divisor of c and u.
15
Suppose -5*n = 25, 0 - 9 = -3*b - 3*n. Suppose s + a = b, -7*a + 2*a + 20 = s. Let q be 77/s + 4/(-10). What is the highest common divisor of 60 and q?
15
Let o = 395 + -187. What is the greatest common factor of 13 and o?
13
Suppose 8*q - 9*q + 20 = 5*a, 3*q - 2*a - 60 = 0. Calculate the greatest common factor of 235 and q.
5
Let l be -49*(2 + 3)*(-96)/80. What is the highest common factor of l and 18?
6
Suppose 3*v - h = 211, 9*h + 5 = 4*h. Let g(l) = -12*l - 142. Let y be g(-13). What is the greatest common factor of y and v?
14
Let a be ((-48)/(-9))/((-14)/(-105)). What is the greatest common factor of a and 12?
4
Let n be (-32)/12*-7*(4 - -5). Calculate the highest common divisor of n and 420.
84
Suppose 206 + 814 = 17*g. Calculate the greatest common factor of g and 108.
12
Suppose 27*z - 26*z = 2*h + 118, 5*z - 4*h = 578. What is the highest common factor of 38 and z?
38
Let y = 186 - 139. Calculate the greatest common factor of y and 517.
47
Suppose 4*b - 12 = 0, -5*b + 8*b = 2*z + 13. Let g be (z/(-2))/(2/48). Suppose -1 = 2*f - 337. Calculate the greatest common divisor of f and g.
24
Let t = -19 - -28. Let b(v) = 11*v**2 - 4*v - 6. Let m be b(-1). Calculate the highest common divisor of t and m.
9
Let h = 218 - 200. What is the greatest common divisor of 42 and h?
6
Suppose 19*x - 17*x = 4*l - 146, -3 = 3*x. Calculate the greatest common divisor of l and 54.
18
Let f = -90 + 93. Suppose -x - f = -5. Calculate the highest common factor of x and 3.
1
Let r = 83 - 11. Calculate the highest common factor of 48 and r.
24
Let n(k) = -k**3 + 22*k**2 + 3*k - 21. Let c be n(22). What is the greatest common divisor of c and 15?
15
Suppose y = a - y - 10, 0 = a + 2*y + 2. Calculate the greatest common factor of 128 and a.
4
Let x = -174 - -188. Calculate the highest common factor of x and 602.
14
Suppose 0 = -30*a + 15175 + 2315. What is the greatest common divisor of a and 22?
11
Suppose 680 = 17*q + 238. What is the greatest common divisor of q and 8?
2
Suppose -2*b + 98 = 2*u + 2*u, 4*b - 205 = u. Let z be b/5 + 3/(-15). What is the highest common factor of 20 and z?
10
Let q(f) = -f - 21. Let m(p) = 2*p + 43. Let l(u) = 3*m(u) + 5*q(u). Let x be l(-14). What is the highest common divisor of 50 and x?
10
Let d(u) be the third derivative of u**4/3 + 8*u**3/3 - 18*u**2. Let a be d(7). Let g be (-1)/3 - (-112)/12. What is the highest common divisor of a and g?
9
Suppose 15*r + 168 = 23*r. Calculate the greatest common divisor of r and 1407.
21
Let u = -37 + 39. Suppose -3*b = 3*r - 54, u*r = b + 39 + 9. What is the highest common divisor of r and 11?
11
Suppose 0 = -n + 23*n - 352. What is the highest common factor of n and 12?
4
Let u be -2 - 1*-2 - -2. Let r(t) = -6 + 4*t - 3 + 3. Let p be r(4). Calculate the highest common factor of p and u.
2
Suppose -7133 - 2955 = -26*d. Calculate the highest common divisor of d and 291.
97
Let g = 169 - 4. What is the greatest common factor of g and 15?
15
Let n = 592 + -376. Suppose v - 152 = n. Calculate the greatest common factor of v and 46.
46
Let m(w) = 4*w**2 - 5*w + 1. Let a be m(2). Suppose 2*y + 2*y + 3*i = a, -2 = y - 3*i. Suppose -j + 7 = -y. What is the greatest common factor of j and 8?
8
Let q = -20969 - -21241. Suppose -4*x + 74 = 3*c - 5*c, 5*x = -5*c + 70. What is the highest common factor of x and q?
17
Let q(n) = -5*n + 2. Let g be q(-2). Suppose -g = -0*l - l. Suppose -2*y - 2*r = -r - 216, 5*y - 5*r = 540. What is the highest common factor of y and l?
12
Let r(v) = 3*v - 5. Let k be r(3). Suppose -f + 5*f = -5*i + 93, 3*i - 83 = -k*f. What is the highest common factor of 153 and f?
17
Let k = 1280 + -1200. Calculate the greatest common divisor of 560 and k.
80
Suppose -2*j - 2 = -5*y, -8*y + 4*j + 4 = -4*y. Let r = 17 - 7. Suppose -r = -g - y*g. Calculate the highest common factor of g and 10.
10
Suppose 3*x + 12*q - 293 = 7*q, -286 = -3*x + 2*q. Calculate the greatest common divisor of 384 and x.
96
Let h(d) = 2*d + 4. Let q be h(4). Let o = -2 + -2. Let y be 956/16 - 1/o. What is the highest common factor of y and q?
12
Let r be (-1118)/(-39) - ((-85)/(-15) + -5). Let x = 30 - 111. Let t = x + 137. What is the highest common factor of r and t?
28
Let z = -49 - -53. Suppose -z*v = 7*v - 198. What is the greatest common factor of v and 45?
9
Let f = 133 - 48. Calculate the highest common divisor of 5 and f.
5
Let r(z) = 8*z + 35. Let h(a) = -8*a - 36. Let c(l) = -5*h(l) - 6*r(l). Let p be c(-6). Calculate the greatest common divisor of p and 162.
18
Let j(a) = -50*a - 5. Let d be j(-12). Suppose 2*v + d = 9*v. What is the greatest common divisor of v and 17?
17
Let y be (-8)/(-14) - (9/7)/(-3). Suppose -42 = j - 5*j + 2*w, -15 = 3*w. Calculate the greatest common divisor of j and y.
1
Suppose -3 = -x, 2*x - 5*x = -2*t + 143. What is the highest common factor of t and 114?
38
Suppose p + 4*c - 79 = 141, 3*p - 745 = 5*c. Calculate the highest common factor of 90 and p.
30
Suppose -5*w = -2*w - 5*o - 455, 0 = 5*w + 5*o - 825. Let z = w + -142. What is the highest common factor of z and 72?
18
Suppose 2*y - 2*q - 36 = -3*q, -2*q - 54 = -3*y. Let r(t) = -13*t + 29. Let u = 6 - 19. Let i be r(u). Calculate the highest common divisor of i and y.
18
Let i be -4 - (-7)/4 - (-1)/4. Let v be (-44)/i*1/2. Calculate the highest common divisor of v and 22.
11
Let t = -1910 - -2118. Calculate the highest common divisor of 286 and t.
26
Let a be (-28*1)/((-2)/4). Suppose -105 = -33*n + 18*n. Calculate the highest common divisor of n and a.
7
Let x(v) = v**3 + 7*v**2 - 11*v + 6. Let j be x(-8). Let t(f) = -3*f**2 + f. Let n be t(1). Let z = 8 + n. What is the highest common factor of j and z?
6
Let t(g) = -4*g**3 - 3*g**2 - 3*g. Let z be t(-2). Suppose -30*l = -23*l + 15*l - 1716. W